*2 + 10*r + 5. Let t be h(-8). Let q(z) = -z**3 - 11*z**2 - 3. What is q(t)?
-3
Let i be 36/(-10) - 4/10. Let u(g) = -2*g - 3. Suppose 0 = -2*s + 7 - 9. Let x(o) = -o. Let a(c) = s*u(c) - x(c). Calculate a(i).
-9
Let l(u) = 0 + 31*u**2 - 6 + 2 - 29*u**2. Give l(-2).
4
Let w(b) = -2*b - 2. Suppose 0 = f + 5*l - 26, -3*f + 9 + 1 = -2*l. Suppose -9*k + f*k = 0. Let p be w(k). Let m(z) = z**2 + 6*z + 3. What is m(p)?
-5
Let a(m) = -m**3 + 20*m**2 - 18*m - 35. Let j be a(19). Let b(o) = o**3 + 16*o**2 - 2*o - 9. Determine b(j).
23
Suppose 0 = -34*b + 33*b + 12. Let g(t) = -12 - b - t**3 + 20. Calculate g(0).
-4
Let n(i) = i**2 + 5*i - 5. Let b be 4 + 0 - 0 - -2. Suppose 10*f - b*f + 24 = 0. Give n(f).
1
Let q(j) be the second derivative of 2/3*j**3 + 0 - 7/2*j**2 + 1/12*j**4 + 7*j. Determine q(-6).
5
Suppose -3*m + y - 4 = -4*y, -3*m - 13 = 4*y. Let o be m + (-2 - -4) + 4. Let r(c) = c + 1. Give r(o).
4
Let g be 16/72*(0 - -9). Let m(x) be the first derivative of 0*x + 1/2*x**g - 7. Give m(-3).
-3
Let n(d) = -d**2 - 7*d + 10. Suppose -24*j = -12*j - 1056. Let k = -97 + j. What is n(k)?
-8
Let w(l) = 7*l**2 - 9*l + 3. Let q(k) = 9*k**2 - 10*k + 3. Let d(v) = -4*q(v) + 5*w(v). What is d(-6)?
-3
Let z(b) = -29*b**2 - 5*b + 3. Let j(u) = -7*u**2 - 1. Let v(f) = 4*j(f) - z(f). What is v(-5)?
-7
Suppose 21 = -j - 31. Let f = j - -52. Let y(b) = b**2 - b + 16. Calculate y(f).
16
Let v(d) be the third derivative of -d**5/60 + 5*d**4/24 - d**3/6 - 2*d**2 - 14*d. Determine v(3).
5
Let m(d) = 2*d + 3 + 4*d - d. Suppose 0*a + a = 5*k + 33, k = -5. Let g be (2 - 0)/(a - 9). Give m(g).
-7
Let o be 3 - (0/(-2) + -2). Let x(v) be the first derivative of v**4/4 - 4*v**3/3 - 5*v**2/2 + 5*v + 813. What is x(o)?
5
Let n(d) be the first derivative of d**4/4 + 17*d**3/3 + 16*d**2 + 31*d + 828. What is n(-15)?
1
Let y(p) = -847*p + 277*p + p**2 + 289*p + 282*p - p**3 - 2. What is y(0)?
-2
Let x(s) = -s - 42 + 31 - 2*s. Determine x(-6).
7
Let z = -496 + 495. Let c(a) = 7*a**2 + 3*a + 2. Calculate c(z).
6
Let y(o) = 2*o**2 - 3*o - 1. Suppose -54 = 33*z - 219. Determine y(z).
34
Let h(k) be the first derivative of k**3/3 - k**2/2 - 6*k + 7. Suppose 31*v = 34*v. Calculate h(v).
-6
Suppose -3*y = -g - 8, 7 + 3 = 2*y. Let t(v) = v**2 - 8*v + 21. Let b be t(4). Let s(p) = 0*p**2 - b - 7*p + 3*p**2 - 2*p**2 + 2. Calculate s(g).
-3
Suppose -o + 7 = 12. Let v(c) = -6. Let g(a) = a + 5. Let k(r) = o*v(r) - 6*g(r). What is k(2)?
-12
Suppose 10*r - 5544 = -5564. Let y(k) = k + 2. Calculate y(r).
0
Suppose -i = 1, 14 - 12 = 3*z - 5*i. Let q(r) = 25*r. Determine q(z).
-25
Let v(p) = -p**2 - 9*p. Let h(i) = -i**3 + 9*i**2 - 21*i + 8. Let l be h(6). What is v(l)?
-10
Let q(p) = -p**2 + 5*p + 7. Let c = 4 - 6. Let f be c - 1 - (1 - 0). Let u(b) = -4*b - 11. Let y be u(f). Calculate q(y).
7
Let h(n) = -2*n**2 - 9*n + 14. Let f be h(-5). Let w(a) = a**3 - 8*a**2 - 7*a - 16. Determine w(f).
2
Let g(k) = k**2 - 5*k + 6. Let t(o) = o**3 + 6*o**2 + 2*o - 9. Let d be t(-5). Let m = 11 - d. Calculate g(m).
6
Let y = 164 + -263. Let n be (-315)/y + (-4)/22. Let q(h) = -h**3 + 3*h**2 + 2. What is q(n)?
2
Suppose -5*r - h = -17, 0 = -3*r - 2*r + 3*h + 9. Suppose -3 = -r*s + 5*g, 5*s - 2*g = 3*g - 5. Let q(x) = x + 2. Determine q(s).
-2
Let z(f) be the first derivative of f**4/4 + f**3/3 + f**2/2 - 2*f + 7. Let g = 24 + -24. What is z(g)?
-2
Let w be (1 - -3) + 35 + -1. Let r = w + -36. Suppose 2*l = 2*b, r*l = 7*l + 2*b. Let s(k) = k**2 - k + 1. What is s(l)?
1
Let i(w) = -w - 1. Let z(j) = -j**2 + j + 1. Let x(h) = 6*h**2 + 5*h + 3. Let n(u) = -x(u) + 2*z(u). Let s be n(-1). Calculate i(s).
5
Let u(c) be the first derivative of -c**3/3 + 5*c**2 - 17*c + 99. Give u(7).
4
Let j(d) = -d**3 + 16*d**2 - d + 39. Let p be j(16). Suppose -70 = -p*i + 9*i. Let h(v) = -6*v + 5. What is h(i)?
-25
Suppose 21*z + 14*z = 560. Let y(j) = j**2 - 12*j - 68. Calculate y(z).
-4
Let x = -5 - -7. Let c(i) = -i + 4. Let o be c(x). Let t(p) = -6*p**2 + 26*p + 9. Let l(v) = -v**2 + 5*v + 2. Let h(d) = o*t(d) - 11*l(d). Determine h(-4).
-8
Let y(d) = d - 4. Let j(i) = 5*i - 2. Suppose 3*m - 24 = -21. Let l be j(m). Suppose -4 = l*o - 13. Determine y(o).
-1
Let p(r) be the second derivative of -r**4/4 - 7*r**3/6 - 4*r. Let l(m) = 16*m**2 + 34*m - 1. Let j(d) = -2*l(d) - 11*p(d). What is j(-4)?
-18
Let p(u) = -u**2 - 4*u - 1. Let d be p(-5). Let y(j) = -4*j - 9. Determine y(d).
15
Suppose -4*p - 3*x = -6, -5*p = x - 3 - 10. Let c(g) be the first derivative of -g**3/3 + 7*g**2/2 - 3*g - 1. Determine c(p).
9
Let u(g) = -7*g - 3. Let c be u(0). Let q be (-1)/(c + 2)*-1. Let i(t) = 17*t**3 + t + 1. Give i(q).
-17
Suppose 0 = -3*v + v - 10. Let g(x) = 5*x**2 - 42*x + 22. Let h(i) = -i**2 + 10*i - 5. Let p(w) = 2*g(w) + 9*h(w). Calculate p(v).
-6
Let n(p) = -2*p**2 + 1 - p**3 - p + 0 + 0. Let r be n(-2). Let y(w) = -2486*w**2 + w**3 + 4*w - w**3 + w**3 + 2481*w**2. Determine y(r).
-6
Let b = 1230 + -1227. Let r(l) be the third derivative of 3/2*l**b + 0 + 1/24*l**4 + 0*l - 5*l**2. What is r(-6)?
3
Let b(h) = h**3 - 9*h**2 + 6*h + 2. Let r be 1/2*10 + 3. Let u be b(r). Let y be u/35 + (-4)/(-10). Let q(w) = -w + 6. Give q(y).
6
Let m(h) be the first derivative of h**4/4 + 7*h**3/3 - 5*h**2 - h - 350. Determine m(-8).
15
Let k(x) = -14*x + 1. Let m(c) = 14*c - 1. Let j(z) = 4*k(z) + 5*m(z). Let o = -8 + 11. Suppose -3*u = o*f - 9, -5*f - u - u = -3. Calculate j(f).
-15
Let q(i) = -2*i. Let n(b) = b - 4. Let h(d) = n(d) + q(d). Suppose 4*w = 8*w. Determine h(w).
-4
Let r(m) = -m. Let p = 12 - 13. Let y(v) = v**2 - 2*v. Let x(g) = p*y(g) - 2*r(g). What is x(2)?
4
Let h be 0 - (0/1 + -2). Let p(w) be the second derivative of -w**5/120 + w**3/3 - 18*w. Let i(k) be the second derivative of p(k). Give i(h).
-2
Let z(d) be the second derivative of -1/6*d**3 + 10*d + 0 + 5*d**2. What is z(6)?
4
Let b be 6 + -5 - (0 - 25/5). Let x(f) = -f**3 + 6*f**2 - 5*f + 9. Determine x(b).
-21
Suppose 4*t = d - t - 7, 3*d - t = 21. Let a(y) = y**3 - 5*y**2 - 19*y + 34. Let p be a(d). Let v(q) = 2*q. What is v(p)?
-2
Let t(u) = 13*u**2 - 2*u + 1. Suppose f = 26*f - 25. Determine t(f).
12
Let y(b) be the second derivative of -b**4/12 + 5*b**3/3 + 7*b**2/2 - 24*b. Give y(10).
7
Suppose -4*k + 37 = -3*b, 2*b + 2*k + 28 = 3*k. Let c = b - -13. Let t(q) = -q - 1. Let u(i) = i**2 + 9*i + 10. Let w(p) = c*t(p) - u(p). Calculate w(-6).
-2
Let a be 0 - 50/((-15)/3). Suppose -9*p + 11*p - a = 0. Let x(j) = j**3 - 4*j**2 - 7*j + 1. Calculate x(p).
-9
Let n(m) = -m**3 - 4*m**2 + 2*m - 5. Let q(f) = -5*f**3 - 15*f**2 + 9*f - 19. Let i(v) = 9*n(v) - 2*q(v). Calculate i(6).
-7
Let s(t) = 12 - 9 - 5*t**2 + t**3 + 3*t - 4. Give s(3).
-10
Let r be -1*2*(2 - 3). Let z(b) = -9 - r*b + 2 - 4*b - b**2. Suppose c + 2*c + 4*q + 11 = 0, -2*c + 3*q = 13. Calculate z(c).
-2
Let p(k) = -5*k**2 + 7*k - 1. Let o(d) = 4*d**2 - 7*d + 2. Suppose -8*g - 18 = -2*g. Let l(s) = g*p(s) - 4*o(s). What is l(6)?
1
Let m(c) = -5*c**2 + 3*c - 2. Let p(x) = -x**2 - x + 1. Let u(k) = -m(k) - 2*p(k). Let i = 52 - 53. Determine u(i).
8
Let a = -7 + 10. Let r(y) = -y**2 + 3*y - 4. What is r(a)?
-4
Let h(y) = 4*y - 5. Suppose 11*q - 71*q = 120. Give h(q).
-13
Let c(a) = 6*a**2 - 3*a + 2. Let w(h) = -5*h**2 + 4*h - 3. Let f(d) = 4*c(d) + 3*w(d). Let s = -273 - -274. Let k be ((-2)/1 + s)/(22 - 23). What is f(k)?
8
Let g(s) = -s**3 - s**2 - s. Let u(z) = -5*z**3 - 2*z**2 - 5*z + 1. Let r(k) = 6*g(k) - u(k). Determine r(-3).
-7
Let t(b) = 11*b**3 - 8*b**2 + 15*b + 4. Let x(u) = 13*u**3 - 9*u**2 + 17*u + 5. Let s(g) = -7*t(g) + 6*x(g). Determine s(2).
12
Let a(k) = -k**2 + 13*k - 14. Let g be a(13). Let o(u) = -26*u**2 + 6*u - 8. Let w(c) = 9*c**2 - 2*c + 3. Let d(i) = g*w(i) - 5*o(i). Determine d(2).
10
Let y(m) be the second derivative of m**5/20 + 3*m**4/4 + m**3 - m**2/2 + 113*m. Calculate y(-8).
15
Let x(n) = 5*n - 5 - n**2 + 0 + 0*n**2 + 3. Let w be 72/48 + (-5)/(-2). Calculate x(w).
2
Suppose v = 5*c - 16, v - 4*v - 4*c = -9. Suppose 0 = 3*q + 3*o + o + 1, -o - 19 = -3*q. Let w(l) = 1 + 2 - q*l - 4. Calculate w(v).
4
Let m(a) = a**3 + 6*a**2 - 3*a - 20. Let x = 178 + -184. What is m(x)?
-2
Let b = -28 - -31. Let s(o) = 6*o**2 + 2*o**b + 4*o + 7 - o**3 - 13. Calculate s(-5).
-1
Let b be 38/(-76)*